the hundreds digit of h?
0
Let m = -216 + 657. What is the tens digit of m?
4
Let h be 1 + -1 + 70/14. Suppose -3*t + 2*c = -22, 3*t + 2*t - 45 = h*c. What is the units digit of t?
4
Suppose -3*o + 197 = 4*q, 0*q + 270 = 5*q - o. Let g(b) = -b**3 - b**2 - 2*b + 3. Let r be g(-3). Let z = q - r. What is the tens digit of z?
2
Let r(y) = -y**2 + 12*y - 14. Let w be r(11). Let d = w - -6. What is the tens digit of (-8)/d*(-105)/28?
1
Suppose -4*h = -2*p - p - 45, -p - 15 = h. Let r = -28 - p. Let g(i) = -3*i - 18. What is the units digit of g(r)?
1
Let g(a) = 8*a + 9. Let i(f) = 2*f + 1. Let b(h) = g(h) - 5*i(h). Let v be 2 + -5 + 2 - 2. What is the units digit of b(v)?
0
Let t(j) = 40*j - 18. Let n be t(8). Let m = 462 - n. What is the units digit of m?
0
Let s be ((-18)/24)/(2/(-8)). Suppose -s*a + 6*a = 5*j - 3, 0 = -4*j + 2*a + 4. What is the tens digit of -4 + 31 + -3 - j?
2
Suppose 0 = -3*o - 4*m + 2908, -2*o = -8*m - 243 - 1717. What is the tens digit of o?
7
Let f = 132 - 130. Suppose -f*q + 357 = 2*u + q, -5*q = -15. What is the units digit of u?
4
Let n(m) = 6*m**2 + 37 + m + m**3 - 19 - 19. What is the units digit of n(-4)?
7
Let x(c) = -23*c - 5. Let b(w) = -24*w - 6. Let y(d) = -5*b(d) + 6*x(d). Let o be y(-4). Suppose -4*s + 0*j + o = 2*j, -3*j = 0. What is the units digit of s?
8
Suppose 8 = -5*i + 2*d - 70, -4*d = 2*i + 36. Let h be 3 - 4/i*0. Suppose h = -0*f - 3*f, 3*j - 44 = 5*f. What is the units digit of j?
3
Let g(x) = x - 4. Let a be g(4). Suppose a = 8*v - 12*v + 336. What is the units digit of v?
4
Suppose -8*a - 233 = 895. What is the tens digit of 2/6 + (-3)/9 - a?
4
Suppose 4*f + f - 2389 = -g, 2*g + 2*f - 4762 = 0. What is the thousands digit of g?
2
Suppose 4*m - 105 - 156 = -3*k, 5*k + 4*m - 443 = 0. What is the units digit of (13/(k/28))/((-2)/(-92))?
4
Let h(f) = -f + 9. Let w be h(4). Suppose w*l + 83 = -2*y, -5*l - 5 = -y - 39. Let k = -24 - y. What is the units digit of k?
5
Let t be (16/10)/(52/260). Let m(o) = -o**3 - 6*o**2 - 6*o + 6. Let s be m(-5). Suppose 0 = z - s - t. What is the tens digit of z?
1
Suppose -135*u = -138*u + 7173. What is the tens digit of u?
9
Suppose 9643 = 10*o + 1323. What is the hundreds digit of o?
8
Let n be (-2 + -2)/(-2) - -100. Suppose -2*g + n + 66 = 0. Suppose -y = -5*y + g. What is the units digit of y?
1
Let n be 117/26*(-4)/3. Let x be (n/4)/(3/(-40)). Suppose -i + x = -20. What is the tens digit of i?
4
Let r = 2 - 0. Suppose -4*l - r*s + 396 = 0, -3*l + 6*s = s - 310. Suppose -48 = -3*x + 3*m, -4*x = 6*m - m - l. What is the units digit of x?
0
Let u(p) = -24*p + 17. Let t be u(-13). What is the units digit of ((-2)/1)/((-14)/t)?
7
Let c = -9 - -12. Let i be -1 - c*(-4)/4. What is the units digit of (-460)/(-8) + i/4?
8
Let w be 1 + 2 + -2 + -4. Let b be (-14 - w - 3)/2. What is the units digit of 160/28 - 2/b?
6
Let v(h) = -h**2 - 6*h - 4. Let r = 9 - 13. Let d be v(r). Let s = -2 + d. What is the units digit of s?
2
Suppose -1924 = -4*o - 4*n, 0 = -3*o - 5*n + 2039 - 594. What is the units digit of o?
0
Suppose 5*d = g - 4*g, -2*g = 4*d - 2. Suppose d*s - 6*s = b - 216, -350 = -5*s - 5*b. What is the tens digit of s?
7
Suppose 2*l - 30 = -l. Let x = -7 + l. Suppose q = -x*k + 59, -5*q + 7 + 3 = 0. What is the tens digit of k?
1
What is the thousands digit of (-15)/(-5) + (-4179)/(-1)?
4
Let h be (3 - -3)*1385/(-15). Let r = -284 - h. Suppose -3*c = -4*b - 5*c + r, 2*c = -5*b + 340. What is the units digit of b?
0
Suppose b + 2*b - 24 = 0. Suppose 48 = 3*m - 63. Suppose -b = m*z - 38*z. What is the units digit of z?
8
Suppose -2*v - q + 116 = -0*q, v = 5*q + 58. What is the tens digit of (366/(-61))/(1 - v/54)?
8
Let p = -926 - -1862. What is the hundreds digit of p?
9
Let w(h) = -h + 0*h - 2*h - 2 + 4*h. Let i be w(-15). Let c = -2 - i. What is the tens digit of c?
1
What is the units digit of 5 + (-84)/16 + (-5415)/(-12)?
1
Let t(z) = -z**2 - 16*z + 6. Let n be t(-16). What is the units digit of (-15)/n - -2 - 235/(-10)?
3
Suppose k = 3*k - 64. Suppose d = 126 + k. What is the units digit of d?
8
Let c = 472 - 226. What is the tens digit of c?
4
Suppose 2*n - 4080 = -4*f + 7038, 4 = -4*n. What is the units digit of f?
0
Suppose 4*a = -3*k + 4, 4*k - 3*a + 2*a = -1. Suppose k = -t - 2*j + 113, 5*j + 408 = 4*t + 2*j. What is the tens digit of t?
0
Let k(z) = -7*z + 5*z**2 + 2 - 17 - 1 + 10*z**2. What is the hundreds digit of k(-3)?
1
Suppose 2*u - 7*o + 4*o - 11 = 0, 0 = u + 4*o. What is the units digit of (((-882)/u)/(-7))/((-3)/(-6))?
3
Let g(z) = -2*z**2 + 96*z - 21. What is the hundreds digit of g(15)?
9
Let v(g) = 85*g**2 - 36*g + 50. What is the units digit of v(5)?
5
Let i = -8200 + 12135. What is the thousands digit of i?
3
Let o(b) = b**2 - 5*b + 6. Let h be o(7). What is the tens digit of h - 20 - 12*-1?
1
Suppose 6*b - 19 = -7. Suppose 0 = 3*o - 0*o - 3*r - 24, -b*r = o + 7. What is the tens digit of o*((-46)/(-6) + 0)?
2
Suppose g = l - 2*l + 3, 4*g - 5*l + 15 = 0. Suppose g = 3*a - a + 18. Let k = a - -20. What is the units digit of k?
1
Let k(m) = 7*m + 56. Let l be k(29). Let o = -94 + l. What is the units digit of o?
5
Suppose -r + 5 = 0, -r - 16 + 6 = -5*h. Suppose -h*y - 4*p + 2*p + 79 = 0, -4*p - 31 = -y. What is the tens digit of y?
2
What is the hundreds digit of (9 + 1210/(-4))/(2/(-12))?
7
Let v = -1138 + 2351. What is the hundreds digit of v?
2
Let l = 8 - -102. Let b = 157 - l. What is the tens digit of b?
4
What is the tens digit of 810 - (7 - (7 + 2))?
1
Let r(u) = 0*u + 15 - 2*u - u - 19. What is the units digit of r(-3)?
5
Suppose 5*x - 4*m = 19, 8*x - 3*x - 18 = 3*m. Suppose x*n + 3*q = -q + 50, 3*n - 2*q - 38 = 0. What is the units digit of (-6)/21 - (-116)/n?
8
What is the units digit of 5 + 1107 + (-6)/3?
0
Suppose 216 = -4*j - 192. Let r be (-6)/(-9) - j/9. Suppose 5*o = d + r, 4*d - 2*o = 40 + 2. What is the units digit of d?
3
Suppose -977 - 259 = -3*a. What is the hundreds digit of a?
4
Let s = 10 + 13. Suppose 5*o = p + s, -4*p - o + 18 = o. What is the tens digit of 0 + (-4)/p - -15?
1
Suppose 4*y + 0 + 4 = 0. Let r = -5 + y. What is the tens digit of 8/12 + (-128)/r?
2
Let d = -5 - -17. Suppose d = 3*b, 3*p - 2*b + 1 + 1 = 0. Suppose -g - a = -p*g + 32, 5*g + a = 166. What is the tens digit of g?
3
Let r be (-2696)/52 + (-10)/65. Let u = 195 + r. What is the tens digit of u?
4
What is the tens digit of 12/(-48) + 2475/12?
0
Suppose -2*m = -6*m + 56. Suppose c - m = -t + 88, c + 2*t = 105. Suppose 0 = -3*l - 0 + c. What is the tens digit of l?
3
Suppose 0*v + 3*u = v - 26, -4*u = -2*v + 44. Suppose n + 8 = l + 2*l, 3*n - 16 = -l. What is the units digit of (v/n)/(4/8)?
7
Let t(x) = -x**2 + 8*x + 12. Let o be (-1)/(110/(-54) - -2). Let u be (-4)/6*o/(-2). What is the units digit of t(u)?
3
Let k be (-3)/(-2)*(-136)/(-6). Let x(o) = o**2 + 27*o - 145. Let r be x(-33). Let b = r - k. What is the units digit of b?
9
What is the thousands digit of 3*2/(-6) - -2298?
2
Let p(x) = -2*x + 17. Let j be p(7). Let y be 0 + j - (-68 + -1). Suppose -4*n - y = -8*n. What is the tens digit of n?
1
Let j(i) = -4*i - 21. Let m be j(-6). Let g(s) = 50*s + 8. What is the tens digit of g(m)?
5
Let w(b) be the second derivative of -3*b**5/5 + b**4/12 - b**3/3 - b**2/2 + 15*b. What is the hundreds digit of w(-2)?
1
Suppose -3*v + 2*v + 1162 = 3*x, -2*v + 2321 = 5*x. What is the units digit of v?
3
Let g(a) = 701*a**2 - 3*a + 3. What is the tens digit of g(1)?
0
Suppose 24*l + 350 = 29*l. What is the units digit of l?
0
Let i be (-45)/(-2)*16/20. Let k = i - 15. Suppose -k*m + 78 - 30 = 0. What is the tens digit of m?
1
What is the tens digit of ((-1319)/4)/(23/(-92))?
1
Let b = 31 - 24. Suppose -b*q = -6*q + 3. What is the units digit of ((-6)/(-8))/(q/(-228))?
7
Let p be (-3 + -1)/(-2) + 0. Let o be p/9 - (-5593)/63. Suppose -4*z + 4*i = -112, -3*z + o = 2*i - 0*i. What is the units digit of z?
9
Let s be (-6)/(5 + -3) + 24. Let c = 24 - s. Suppose 0 = c*h - 50 + 2. What is the tens digit of h?
1
Suppose -5*t = -0*t. Suppose -w + 3*n = n - 9, t = 2*w - 5*n - 21. Suppose -8 = w*b - 32. What is the units digit of b?
8
What is the hundreds digit of 3*(-5 - ((-1165)/15 + -4))?
2
Suppose -251*x = -242*x - 9459. What is the thousands digit of x?
1
Suppos